{"id":1101,"date":"2015-09-13T20:09:01","date_gmt":"2015-09-13T19:09:01","guid":{"rendered":"http:\/\/scrapbretagne.fr\/blog\/?page_id=1101"},"modified":"2023-11-30T22:30:18","modified_gmt":"2023-11-30T21:30:18","slug":"peintures-feutres-et-couleurs","status":"publish","type":"page","link":"https:\/\/scrapbretagne.fr\/blog\/?page_id=1101","title":{"rendered":"Peintures, Feutres et Couleurs"},"content":{"rendered":"\n<hr class=\"wp-block-separator has-alpha-channel-opacity\"\/>\n\n\n\n<h2 class=\"wp-block-heading\">Bo\u00eete -2- (\u00e9tag\u00e8re bleue)<\/h2>\n\n\n\n<figure class=\"wp-block-image size-large is-resized\"><a href=\"https:\/\/scrapbretagne.fr\/blog\/wp-content\/uploads\/2023\/10\/Brusho.jpg\"><img loading=\"lazy\" decoding=\"async\" width=\"640\" height=\"427\" src=\"https:\/\/scrapbretagne.fr\/blog\/wp-content\/uploads\/2023\/10\/Brusho.jpg\" alt=\"\" class=\"wp-image-5929\" style=\"aspect-ratio:1.4988290398126465;width:212px;height:auto\" srcset=\"https:\/\/scrapbretagne.fr\/blog\/wp-content\/uploads\/2023\/10\/Brusho.jpg 640w, https:\/\/scrapbretagne.fr\/blog\/wp-content\/uploads\/2023\/10\/Brusho-300x200.jpg 300w\" sizes=\"auto, (max-width: 640px) 100vw, 640px\" \/><\/a><\/figure>\n\n\n\n<ul class=\"wp-block-list\">\n<li>Brusho<\/li>\n<\/ul>\n\n\n\n<hr class=\"wp-block-separator has-alpha-channel-opacity\"\/>\n\n\n\n<h2 class=\"wp-block-heading\">Carton -4- Peinture Acrylique (\u00e9tag\u00e8re bleue)<\/h2>\n\n\n\n<figure class=\"wp-block-gallery has-nested-images columns-default is-cropped wp-block-gallery-1 is-layout-flex wp-block-gallery-is-layout-flex\">\n<figure class=\"wp-block-image size-large\"><a href=\"https:\/\/scrapbretagne.fr\/blog\/wp-content\/uploads\/2023\/10\/PA291022.jpg\"><img loading=\"lazy\" decoding=\"async\" width=\"640\" height=\"427\" data-id=\"6024\" src=\"https:\/\/scrapbretagne.fr\/blog\/wp-content\/uploads\/2023\/10\/PA291022.jpg\" alt=\"\" class=\"wp-image-6024\" srcset=\"https:\/\/scrapbretagne.fr\/blog\/wp-content\/uploads\/2023\/10\/PA291022.jpg 640w, https:\/\/scrapbretagne.fr\/blog\/wp-content\/uploads\/2023\/10\/PA291022-300x200.jpg 300w\" sizes=\"auto, (max-width: 640px) 100vw, 640px\" \/><\/a><figcaption class=\"wp-element-caption\">BLANC<\/figcaption><\/figure>\n\n\n\n<figure class=\"wp-block-image size-large\"><a href=\"https:\/\/scrapbretagne.fr\/blog\/wp-content\/uploads\/2023\/10\/PA291032.jpg\"><img loading=\"lazy\" decoding=\"async\" width=\"640\" height=\"427\" data-id=\"6025\" src=\"https:\/\/scrapbretagne.fr\/blog\/wp-content\/uploads\/2023\/10\/PA291032.jpg\" alt=\"\" class=\"wp-image-6025\" srcset=\"https:\/\/scrapbretagne.fr\/blog\/wp-content\/uploads\/2023\/10\/PA291032.jpg 640w, https:\/\/scrapbretagne.fr\/blog\/wp-content\/uploads\/2023\/10\/PA291032-300x200.jpg 300w\" sizes=\"auto, (max-width: 640px) 100vw, 640px\" \/><\/a><figcaption class=\"wp-element-caption\">NOIR<\/figcaption><\/figure>\n\n\n\n<figure class=\"wp-block-image size-large\"><a href=\"https:\/\/scrapbretagne.fr\/blog\/wp-content\/uploads\/2023\/10\/PA291024.jpg\"><img loading=\"lazy\" decoding=\"async\" width=\"640\" height=\"427\" data-id=\"6021\" src=\"https:\/\/scrapbretagne.fr\/blog\/wp-content\/uploads\/2023\/10\/PA291024.jpg\" alt=\"\" class=\"wp-image-6021\" srcset=\"https:\/\/scrapbretagne.fr\/blog\/wp-content\/uploads\/2023\/10\/PA291024.jpg 640w, https:\/\/scrapbretagne.fr\/blog\/wp-content\/uploads\/2023\/10\/PA291024-300x200.jpg 300w\" sizes=\"auto, (max-width: 640px) 100vw, 640px\" \/><\/a><figcaption class=\"wp-element-caption\">ARGENT-GRIS<\/figcaption><\/figure>\n\n\n\n<figure class=\"wp-block-image size-large\"><a href=\"https:\/\/scrapbretagne.fr\/blog\/wp-content\/uploads\/2023\/10\/PA291037.jpg\"><img loading=\"lazy\" decoding=\"async\" width=\"640\" height=\"427\" data-id=\"6027\" src=\"https:\/\/scrapbretagne.fr\/blog\/wp-content\/uploads\/2023\/10\/PA291037.jpg\" alt=\"\" class=\"wp-image-6027\" srcset=\"https:\/\/scrapbretagne.fr\/blog\/wp-content\/uploads\/2023\/10\/PA291037.jpg 640w, https:\/\/scrapbretagne.fr\/blog\/wp-content\/uploads\/2023\/10\/PA291037-300x200.jpg 300w\" sizes=\"auto, (max-width: 640px) 100vw, 640px\" \/><\/a><figcaption class=\"wp-element-caption\">ROUGE<\/figcaption><\/figure>\n\n\n\n<figure class=\"wp-block-image size-large\"><a href=\"https:\/\/scrapbretagne.fr\/blog\/wp-content\/uploads\/2023\/10\/PA291034.jpg\"><img loading=\"lazy\" decoding=\"async\" width=\"640\" height=\"427\" data-id=\"6017\" src=\"https:\/\/scrapbretagne.fr\/blog\/wp-content\/uploads\/2023\/10\/PA291034.jpg\" alt=\"\" class=\"wp-image-6017\" srcset=\"https:\/\/scrapbretagne.fr\/blog\/wp-content\/uploads\/2023\/10\/PA291034.jpg 640w, https:\/\/scrapbretagne.fr\/blog\/wp-content\/uploads\/2023\/10\/PA291034-300x200.jpg 300w\" sizes=\"auto, (max-width: 640px) 100vw, 640px\" \/><\/a><figcaption class=\"wp-element-caption\">ROSE<\/figcaption><\/figure>\n\n\n\n<figure class=\"wp-block-image size-large\"><a href=\"https:\/\/scrapbretagne.fr\/blog\/wp-content\/uploads\/2023\/10\/PA291027.jpg\"><img loading=\"lazy\" decoding=\"async\" width=\"640\" height=\"427\" data-id=\"6018\" src=\"https:\/\/scrapbretagne.fr\/blog\/wp-content\/uploads\/2023\/10\/PA291027.jpg\" alt=\"\" class=\"wp-image-6018\" srcset=\"https:\/\/scrapbretagne.fr\/blog\/wp-content\/uploads\/2023\/10\/PA291027.jpg 640w, https:\/\/scrapbretagne.fr\/blog\/wp-content\/uploads\/2023\/10\/PA291027-300x200.jpg 300w\" sizes=\"auto, (max-width: 640px) 100vw, 640px\" \/><\/a><figcaption class=\"wp-element-caption\">VIOLET<\/figcaption><\/figure>\n\n\n\n<figure class=\"wp-block-image size-large\"><a href=\"https:\/\/scrapbretagne.fr\/blog\/wp-content\/uploads\/2023\/10\/PA291028.jpg\"><img loading=\"lazy\" decoding=\"async\" width=\"640\" height=\"427\" data-id=\"6015\" src=\"https:\/\/scrapbretagne.fr\/blog\/wp-content\/uploads\/2023\/10\/PA291028.jpg\" alt=\"\" class=\"wp-image-6015\" srcset=\"https:\/\/scrapbretagne.fr\/blog\/wp-content\/uploads\/2023\/10\/PA291028.jpg 640w, https:\/\/scrapbretagne.fr\/blog\/wp-content\/uploads\/2023\/10\/PA291028-300x200.jpg 300w\" sizes=\"auto, (max-width: 640px) 100vw, 640px\" \/><\/a><figcaption class=\"wp-element-caption\">ORANGE<\/figcaption><\/figure>\n\n\n\n<figure class=\"wp-block-image size-large\"><a href=\"https:\/\/scrapbretagne.fr\/blog\/wp-content\/uploads\/2023\/10\/PA291029.jpg\"><img loading=\"lazy\" decoding=\"async\" width=\"640\" height=\"427\" data-id=\"6023\" src=\"https:\/\/scrapbretagne.fr\/blog\/wp-content\/uploads\/2023\/10\/PA291029.jpg\" alt=\"\" class=\"wp-image-6023\" srcset=\"https:\/\/scrapbretagne.fr\/blog\/wp-content\/uploads\/2023\/10\/PA291029.jpg 640w, https:\/\/scrapbretagne.fr\/blog\/wp-content\/uploads\/2023\/10\/PA291029-300x200.jpg 300w\" sizes=\"auto, (max-width: 640px) 100vw, 640px\" \/><\/a><figcaption class=\"wp-element-caption\">JAUNE<\/figcaption><\/figure>\n\n\n\n<figure class=\"wp-block-image size-large\"><a href=\"https:\/\/scrapbretagne.fr\/blog\/wp-content\/uploads\/2023\/10\/PA291025.jpg\"><img loading=\"lazy\" decoding=\"async\" width=\"640\" height=\"427\" data-id=\"6020\" src=\"https:\/\/scrapbretagne.fr\/blog\/wp-content\/uploads\/2023\/10\/PA291025.jpg\" alt=\"\" class=\"wp-image-6020\" srcset=\"https:\/\/scrapbretagne.fr\/blog\/wp-content\/uploads\/2023\/10\/PA291025.jpg 640w, https:\/\/scrapbretagne.fr\/blog\/wp-content\/uploads\/2023\/10\/PA291025-300x200.jpg 300w\" sizes=\"auto, (max-width: 640px) 100vw, 640px\" \/><\/a><figcaption class=\"wp-element-caption\">MARRON<\/figcaption><\/figure>\n\n\n\n<figure class=\"wp-block-image size-large\"><a href=\"https:\/\/scrapbretagne.fr\/blog\/wp-content\/uploads\/2023\/10\/PA291030.jpg\"><img loading=\"lazy\" decoding=\"async\" width=\"640\" height=\"427\" data-id=\"6014\" src=\"https:\/\/scrapbretagne.fr\/blog\/wp-content\/uploads\/2023\/10\/PA291030.jpg\" alt=\"\" class=\"wp-image-6014\" srcset=\"https:\/\/scrapbretagne.fr\/blog\/wp-content\/uploads\/2023\/10\/PA291030.jpg 640w, https:\/\/scrapbretagne.fr\/blog\/wp-content\/uploads\/2023\/10\/PA291030-300x200.jpg 300w\" sizes=\"auto, (max-width: 640px) 100vw, 640px\" \/><\/a><figcaption class=\"wp-element-caption\">BLEU<\/figcaption><\/figure>\n\n\n\n<figure class=\"wp-block-image size-large\"><a href=\"https:\/\/scrapbretagne.fr\/blog\/wp-content\/uploads\/2023\/10\/PA291031.jpg\"><img loading=\"lazy\" decoding=\"async\" width=\"640\" height=\"427\" data-id=\"6022\" src=\"https:\/\/scrapbretagne.fr\/blog\/wp-content\/uploads\/2023\/10\/PA291031.jpg\" alt=\"\" class=\"wp-image-6022\" srcset=\"https:\/\/scrapbretagne.fr\/blog\/wp-content\/uploads\/2023\/10\/PA291031.jpg 640w, https:\/\/scrapbretagne.fr\/blog\/wp-content\/uploads\/2023\/10\/PA291031-300x200.jpg 300w\" sizes=\"auto, (max-width: 640px) 100vw, 640px\" \/><\/a><figcaption class=\"wp-element-caption\">BLEU<\/figcaption><\/figure>\n\n\n\n<figure class=\"wp-block-image size-large\"><a href=\"https:\/\/scrapbretagne.fr\/blog\/wp-content\/uploads\/2023\/10\/PA291026.jpg\"><img loading=\"lazy\" decoding=\"async\" width=\"640\" height=\"427\" data-id=\"6013\" src=\"https:\/\/scrapbretagne.fr\/blog\/wp-content\/uploads\/2023\/10\/PA291026.jpg\" alt=\"\" class=\"wp-image-6013\" srcset=\"https:\/\/scrapbretagne.fr\/blog\/wp-content\/uploads\/2023\/10\/PA291026.jpg 640w, https:\/\/scrapbretagne.fr\/blog\/wp-content\/uploads\/2023\/10\/PA291026-300x200.jpg 300w\" sizes=\"auto, (max-width: 640px) 100vw, 640px\" \/><\/a><figcaption class=\"wp-element-caption\">OR<\/figcaption><\/figure>\n\n\n\n<figure class=\"wp-block-image size-large\"><a href=\"https:\/\/scrapbretagne.fr\/blog\/wp-content\/uploads\/2023\/10\/PA291035.jpg\"><img loading=\"lazy\" decoding=\"async\" width=\"640\" height=\"427\" data-id=\"6026\" src=\"https:\/\/scrapbretagne.fr\/blog\/wp-content\/uploads\/2023\/10\/PA291035.jpg\" alt=\"\" class=\"wp-image-6026\" srcset=\"https:\/\/scrapbretagne.fr\/blog\/wp-content\/uploads\/2023\/10\/PA291035.jpg 640w, https:\/\/scrapbretagne.fr\/blog\/wp-content\/uploads\/2023\/10\/PA291035-300x200.jpg 300w\" sizes=\"auto, (max-width: 640px) 100vw, 640px\" \/><\/a><figcaption class=\"wp-element-caption\">VERT<\/figcaption><\/figure>\n\n\n\n<figure class=\"wp-block-image size-large\"><a href=\"https:\/\/scrapbretagne.fr\/blog\/wp-content\/uploads\/2023\/10\/PA291036.jpg\"><img loading=\"lazy\" decoding=\"async\" width=\"640\" height=\"427\" data-id=\"6016\" src=\"https:\/\/scrapbretagne.fr\/blog\/wp-content\/uploads\/2023\/10\/PA291036.jpg\" alt=\"\" class=\"wp-image-6016\" srcset=\"https:\/\/scrapbretagne.fr\/blog\/wp-content\/uploads\/2023\/10\/PA291036.jpg 640w, https:\/\/scrapbretagne.fr\/blog\/wp-content\/uploads\/2023\/10\/PA291036-300x200.jpg 300w\" sizes=\"auto, (max-width: 640px) 100vw, 640px\" \/><\/a><figcaption class=\"wp-element-caption\">VERT<\/figcaption><\/figure>\n\n\n\n<figure class=\"wp-block-image size-large\"><a href=\"https:\/\/scrapbretagne.fr\/blog\/wp-content\/uploads\/2023\/10\/Feuille-Blanc.jpg\"><img loading=\"lazy\" decoding=\"async\" width=\"640\" height=\"427\" data-id=\"6028\" src=\"https:\/\/scrapbretagne.fr\/blog\/wp-content\/uploads\/2023\/10\/Feuille-Blanc.jpg\" alt=\"\" class=\"wp-image-6028\" srcset=\"https:\/\/scrapbretagne.fr\/blog\/wp-content\/uploads\/2023\/10\/Feuille-Blanc.jpg 640w, https:\/\/scrapbretagne.fr\/blog\/wp-content\/uploads\/2023\/10\/Feuille-Blanc-300x200.jpg 300w\" sizes=\"auto, (max-width: 640px) 100vw, 640px\" \/><\/a><\/figure>\n<\/figure>\n\n\n\n<ul class=\"wp-block-list\">\n<li>Peinture Acrylique<\/li>\n<\/ul>\n\n\n\n<hr class=\"wp-block-separator has-alpha-channel-opacity\"\/>\n","protected":false},"excerpt":{"rendered":"<p>Bo\u00eete -2- (\u00e9tag\u00e8re bleue) Carton -4- Peinture Acrylique (\u00e9tag\u00e8re bleue)<\/p>\n","protected":false},"author":3,"featured_media":0,"parent":108,"menu_order":11,"comment_status":"closed","ping_status":"closed","template":"","meta":{"footnotes":""},"class_list":["post-1101","page","type-page","status-publish","hentry","without-featured-image"],"_links":{"self":[{"href":"https:\/\/scrapbretagne.fr\/blog\/index.php?rest_route=\/wp\/v2\/pages\/1101","targetHints":{"allow":["GET"]}}],"collection":[{"href":"https:\/\/scrapbretagne.fr\/blog\/index.php?rest_route=\/wp\/v2\/pages"}],"about":[{"href":"https:\/\/scrapbretagne.fr\/blog\/index.php?rest_route=\/wp\/v2\/types\/page"}],"author":[{"embeddable":true,"href":"https:\/\/scrapbretagne.fr\/blog\/index.php?rest_route=\/wp\/v2\/users\/3"}],"replies":[{"embeddable":true,"href":"https:\/\/scrapbretagne.fr\/blog\/index.php?rest_route=%2Fwp%2Fv2%2Fcomments&post=1101"}],"version-history":[{"count":7,"href":"https:\/\/scrapbretagne.fr\/blog\/index.php?rest_route=\/wp\/v2\/pages\/1101\/revisions"}],"predecessor-version":[{"id":6101,"href":"https:\/\/scrapbretagne.fr\/blog\/index.php?rest_route=\/wp\/v2\/pages\/1101\/revisions\/6101"}],"up":[{"embeddable":true,"href":"https:\/\/scrapbretagne.fr\/blog\/index.php?rest_route=\/wp\/v2\/pages\/108"}],"wp:attachment":[{"href":"https:\/\/scrapbretagne.fr\/blog\/index.php?rest_route=%2Fwp%2Fv2%2Fmedia&parent=1101"}],"curies":[{"name":"wp","href":"https:\/\/api.w.org\/{rel}","templated":true}]}}