{"id":30,"date":"2020-09-23T15:00:00","date_gmt":"2020-09-23T15:00:00","guid":{"rendered":"http:\/\/scrapbretagne.fr\/blog\/?page_id=30"},"modified":"2025-08-21T09:21:03","modified_gmt":"2025-08-21T08:21:03","slug":"contact","status":"publish","type":"page","link":"https:\/\/scrapbretagne.fr\/blog\/?page_id=30","title":{"rendered":"Contact"},"content":{"rendered":"<div class=\"wp-block-image\">\n<figure class=\"alignright size-full is-resized\"><a href=\"https:\/\/scrapbretagne.fr\/blog\/wp-content\/uploads\/2021\/09\/Plan-dacces.jpg\"><img loading=\"lazy\" decoding=\"async\" width=\"723\" height=\"652\" src=\"https:\/\/scrapbretagne.fr\/blog\/wp-content\/uploads\/2021\/09\/Plan-dacces.jpg\" alt=\"\" class=\"wp-image-4252\" style=\"width:271px;height:244px\" srcset=\"https:\/\/scrapbretagne.fr\/blog\/wp-content\/uploads\/2021\/09\/Plan-dacces.jpg 723w, https:\/\/scrapbretagne.fr\/blog\/wp-content\/uploads\/2021\/09\/Plan-dacces-300x271.jpg 300w\" sizes=\"auto, (max-width: 723px) 100vw, 723px\" \/><\/a><\/figure>\n<\/div>\n\n<ul>\n<li><strong>O\u00f9 ?<\/strong> Local ARPAQ 4 avenue des Cols Verts QUIMPER<\/li>\n<li><strong>Quand ?<\/strong> Tous les mardis de 18h30 \u00e0 22h (hors vacances scolaires)<\/li>\n<li><strong>Quoi ?<\/strong> Ateliers libres (on essaye de garder le rythme d&#8217;un atelier sur deux mais d\u00e9pend des albums qui demandent plus de travail) ou \u00e0 th\u00e8mes (Mini-albums, pages, carteries, projets personnels, home d\u00e9co&#8230;.)<\/li>\n<li><strong>Qui ?<\/strong> Ouvert de pr\u00e9f\u00e9rence aux initi\u00e9(e)s<\/li>\n<li><strong>Comment ?<\/strong> L&#8217;association met \u00e0 disposition de chacun(e) du mat\u00e9riel (tampons bois et clear, dies, perforatrices, machines de d\u00e9coupe, &#8230;.). Mat\u00e9riels de base et fournitures non fournis (massicot, ciseaux, colle, papiers, lingettes&#8230;..). Chaque rencontre permet d&#8217;\u00e9changer des id\u00e9es et des techniques dans un esprit de convivialit\u00e9 et de simplicit\u00e9.<\/li>\n<li><strong>Tarifs : <\/strong>Adh\u00e9sion 69 \u20ac (asso) + 25 \u20ac (ARPAQ) l&#8217;ann\u00e9e.\u00a0<\/li>\n<li>\u00a0<strong>Contact<\/strong> : scrapenbretagne@gmail.com<\/li>\n<\/ul>\n\n<div class=\"wp-block-image\">\n<figure class=\"aligncenter size-full is-resized\"><a href=\"https:\/\/scrapbretagne.fr\/blog\/wp-content\/uploads\/2020\/02\/P2120009.jpg\"><img loading=\"lazy\" decoding=\"async\" width=\"1024\" height=\"682\" src=\"https:\/\/scrapbretagne.fr\/blog\/wp-content\/uploads\/2020\/02\/P2120009.jpg\" alt=\"\" class=\"wp-image-2931\" style=\"width:253px;height:168px\" srcset=\"https:\/\/scrapbretagne.fr\/blog\/wp-content\/uploads\/2020\/02\/P2120009.jpg 1024w, https:\/\/scrapbretagne.fr\/blog\/wp-content\/uploads\/2020\/02\/P2120009-300x200.jpg 300w, https:\/\/scrapbretagne.fr\/blog\/wp-content\/uploads\/2020\/02\/P2120009-768x512.jpg 768w, https:\/\/scrapbretagne.fr\/blog\/wp-content\/uploads\/2020\/02\/P2120009-600x400.jpg 600w\" sizes=\"auto, (max-width: 1024px) 100vw, 1024px\" \/><\/a><\/figure>\n<\/div>\n\n\n<div class=\"wp-block-group\"><div class=\"wp-block-group__inner-container is-layout-flow wp-block-group-is-layout-flow\">\n<div class=\"wp-block-group\"><div class=\"wp-block-group__inner-container is-layout-flow wp-block-group-is-layout-flow\">\n<p><\/p>\n\n\n\n<p style=\"font-size:18px\">Marie-Yvette prendra les <strong>r\u00e9inscriptions les 16 et 23 septembre<\/strong><\/p>\n<\/div><\/div>\n<\/div><\/div>\n\n\n\n<ul class=\"wp-block-list\">\n<li>Gel hydroalcoolique disponible \u00e0 l\u2019entr\u00e9e en salle d\u2019activit\u00e9s<\/li>\n\n\n\n<li>Pr\u00e9voir le nettoyage en fin de s\u00e9ance des tables et chaises (\u00e0 la charge des utilisatrices). Balais et pelles \u00e0 disposition.<\/li>\n\n\n\n<li>Le mat\u00e9riel perso est \u00e0 privil\u00e9gier. L\u2019utilisation du mat\u00e9riel de l\u2019asso reste possible dans les conditions suivantes&nbsp;: nettoyage du mat\u00e9riel apr\u00e8s chaque utilisation, gel hydroalcoolique et lingettes seront mises \u00e0 disposition.<\/li>\n<\/ul>\n\n\n\n<hr class=\"wp-block-separator has-css-opacity\"\/>\n\n\n\n<p><\/p>\n","protected":false},"excerpt":{"rendered":"<p>O\u00f9 ? Local ARPAQ 4 avenue des Cols Verts QUIMPER Quand ? Tous les mardis de 18h30 \u00e0 22h (hors vacances scolaires) Quoi ? Ateliers libres (on essaye de garder le rythme d&#8217;un atelier sur deux mais d\u00e9pend des albums qui demandent plus de travail) ou \u00e0 th\u00e8mes (Mini-albums, pages, carteries, projets personnels, home d\u00e9co&#8230;.)&hellip; <a href=\"https:\/\/scrapbretagne.fr\/blog\/?page_id=30\" class=\"more-link\">Lire la suite <span class=\"screen-reader-text\">Contact<\/span><\/a><\/p>\n","protected":false},"author":1,"featured_media":0,"parent":3413,"menu_order":1,"comment_status":"closed","ping_status":"closed","template":"","meta":{"footnotes":""},"class_list":["post-30","page","type-page","status-publish","hentry","without-featured-image"],"_links":{"self":[{"href":"https:\/\/scrapbretagne.fr\/blog\/index.php?rest_route=\/wp\/v2\/pages\/30","targetHints":{"allow":["GET"]}}],"collection":[{"href":"https:\/\/scrapbretagne.fr\/blog\/index.php?rest_route=\/wp\/v2\/pages"}],"about":[{"href":"https:\/\/scrapbretagne.fr\/blog\/index.php?rest_route=\/wp\/v2\/types\/page"}],"author":[{"embeddable":true,"href":"https:\/\/scrapbretagne.fr\/blog\/index.php?rest_route=\/wp\/v2\/users\/1"}],"replies":[{"embeddable":true,"href":"https:\/\/scrapbretagne.fr\/blog\/index.php?rest_route=%2Fwp%2Fv2%2Fcomments&post=30"}],"version-history":[{"count":68,"href":"https:\/\/scrapbretagne.fr\/blog\/index.php?rest_route=\/wp\/v2\/pages\/30\/revisions"}],"predecessor-version":[{"id":7136,"href":"https:\/\/scrapbretagne.fr\/blog\/index.php?rest_route=\/wp\/v2\/pages\/30\/revisions\/7136"}],"up":[{"embeddable":true,"href":"https:\/\/scrapbretagne.fr\/blog\/index.php?rest_route=\/wp\/v2\/pages\/3413"}],"wp:attachment":[{"href":"https:\/\/scrapbretagne.fr\/blog\/index.php?rest_route=%2Fwp%2Fv2%2Fmedia&parent=30"}],"curies":[{"name":"wp","href":"https:\/\/api.w.org\/{rel}","templated":true}]}}

<div class="wp-block-image">
<figure class="alignright size-full is-resized"><a href="https://scrapbretagne.fr/blog/wp-content/uploads/2021/09/Plan-dacces.jpg"><img loading="lazy" decoding="async" width="723" height="652" src="https://scrapbretagne.fr/blog/wp-content/uploads/2021/09/Plan-dacces.jpg" alt="" class="wp-image-4252" style="width:271px;height:244px" srcset="https://scrapbretagne.fr/blog/wp-content/uploads/2021/09/Plan-dacces.jpg 723w, https://scrapbretagne.fr/blog/wp-content/uploads/2021/09/Plan-dacces-300x271.jpg 300w" sizes="auto, (max-width: 723px) 100vw, 723px" /></a></figure>
</div>

<ul>
<li><strong>Où ?</strong> Local ARPAQ 4 avenue des Cols Verts QUIMPER</li>
<li><strong>Quand ?</strong> Tous les mardis de 18h30 à 22h (hors vacances scolaires)</li>
<li><strong>Quoi ?</strong> Ateliers libres (on essaye de garder le rythme d&#8217;un atelier sur deux mais dépend des albums qui demandent plus de travail) ou à thèmes (Mini-albums, pages, carteries, projets personnels, home déco&#8230;.)</li>
<li><strong>Qui ?</strong> Ouvert de préférence aux initié(e)s</li>
<li><strong>Comment ?</strong> L&#8217;association met à disposition de chacun(e) du matériel (tampons bois et clear, dies, perforatrices, machines de découpe, &#8230;.). Matériels de base et fournitures non fournis (massicot, ciseaux, colle, papiers, lingettes&#8230;..). Chaque rencontre permet d&#8217;échanger des idées et des techniques dans un esprit de convivialité et de simplicité.</li>
<li><strong>Tarifs : </strong>Adhésion 69 € (asso) + 25 € (ARPAQ) l&#8217;année. </li>
<li> <strong>Contact</strong> : scrapenbretagne@gmail.com</li>
</ul>

<div class="wp-block-image">
<figure class="aligncenter size-full is-resized"><a href="https://scrapbretagne.fr/blog/wp-content/uploads/2020/02/P2120009.jpg"><img loading="lazy" decoding="async" width="1024" height="682" src="https://scrapbretagne.fr/blog/wp-content/uploads/2020/02/P2120009.jpg" alt="" class="wp-image-2931" style="width:253px;height:168px" srcset="https://scrapbretagne.fr/blog/wp-content/uploads/2020/02/P2120009.jpg 1024w, https://scrapbretagne.fr/blog/wp-content/uploads/2020/02/P2120009-300x200.jpg 300w, https://scrapbretagne.fr/blog/wp-content/uploads/2020/02/P2120009-768x512.jpg 768w, https://scrapbretagne.fr/blog/wp-content/uploads/2020/02/P2120009-600x400.jpg 600w" sizes="auto, (max-width: 1024px) 100vw, 1024px" /></a></figure>
</div>


<div class="wp-block-group"><div class="wp-block-group__inner-container is-layout-flow wp-block-group-is-layout-flow">
<div class="wp-block-group"><div class="wp-block-group__inner-container is-layout-flow wp-block-group-is-layout-flow">
<p></p>



<p style="font-size:18px">Marie-Yvette prendra les <strong>réinscriptions les 16 et 23 septembre</strong></p>
</div></div>
</div></div>



<ul class="wp-block-list">
<li>Gel hydroalcoolique disponible à l’entrée en salle d’activités</li>



<li>Prévoir le nettoyage en fin de séance des tables et chaises (à la charge des utilisatrices). Balais et pelles à disposition.</li>



<li>Le matériel perso est à privilégier. L’utilisation du matériel de l’asso reste possible dans les conditions suivantes&nbsp;: nettoyage du matériel après chaque utilisation, gel hydroalcoolique et lingettes seront mises à disposition.</li>
</ul>



<hr class="wp-block-separator has-css-opacity"/>



<p></p>

<p>Où ? Local ARPAQ 4 avenue des Cols Verts QUIMPER Quand ? Tous les mardis de 18h30 à 22h (hors vacances scolaires) Quoi ? Ateliers libres (on essaye de garder le rythme d&#8217;un atelier sur deux mais dépend des albums qui demandent plus de travail) ou à thèmes (Mini-albums, pages, carteries, projets personnels, home déco&#8230;.)&hellip; <a href="https://scrapbretagne.fr/blog/?page_id=30" class="more-link">Lire la suite <span class="screen-reader-text">Contact</span></a></p>
