{"id":762,"date":"2016-06-06T19:56:07","date_gmt":"2016-06-06T19:56:07","guid":{"rendered":"http:\/\/scrapbretagne.fr\/blog\/?page_id=762"},"modified":"2026-04-01T10:42:47","modified_gmt":"2026-04-01T09:42:47","slug":"evenements","status":"publish","type":"page","link":"https:\/\/scrapbretagne.fr\/blog\/?page_id=762","title":{"rendered":"Ev\u00e8nements 2025\/2026 (Crops, Kerfany&#8230;)"},"content":{"rendered":"\n<hr class=\"wp-block-separator has-css-opacity\"\/>\n\n\n\n<h2 class=\"wp-block-heading has-luminous-vivid-orange-color has-text-color\">&#8211; Week-end KERFANY les 11 et 12 avril 2026 &#8211;<\/h2>\n\n\n\n<hr class=\"wp-block-separator has-alpha-channel-opacity\"\/>\n\n\n\n<div style=\"height:41px\" aria-hidden=\"true\" class=\"wp-block-spacer\"><\/div>\n\n\n<div class=\"wp-block-image\">\n<figure class=\"aligncenter size-full is-resized\"><a href=\"https:\/\/scrapbretagne.fr\/blog\/wp-content\/uploads\/2026\/03\/2026_04-WE_Kerfany.pdf\" target=\"_blank\" rel=\" noreferrer noopener\"><img decoding=\"async\" src=\"https:\/\/scrapbretagne.fr\/blog\/wp-content\/uploads\/2026\/03\/2026_04-WE_Kerfany-p1.jpg\" alt=\"\" class=\"wp-image-7506\" style=\"aspect-ratio:0.7516931091641014;width:314px;height:auto\"\/><\/a><\/figure>\n<\/div>\n\n\n<div style=\"height:69px\" aria-hidden=\"true\" class=\"wp-block-spacer\"><\/div>\n\n\n\n<p class=\"has-text-align-center has-medium-font-size\"><strong><a href=\"https:\/\/scrapbretagne.fr\/blog\/wp-content\/uploads\/2026\/03\/2026_04-WE_Kerfany.pdf\" target=\"_blank\" rel=\"noreferrer noopener\">Impression de la plaquette<\/a> 2025\/2026<br>ou \u00e0 t\u00e9l\u00e9charger sur votre tablette<\/strong><\/p>\n\n\n\n<hr class=\"wp-block-separator has-alpha-channel-opacity\"\/>\n\n\n\n<p>Le week-end que nous nous r\u00e9servons chaque ann\u00e9e est donc confirm\u00e9.&nbsp;Nous avons d\u00e9j\u00e0 vers\u00e9 1 acompte de 200\u20ac, \u00e0 suivre un autre de 347 \u20ac d&#8217;ici fin octobre pour<\/p>\n\n\n\n<p>&nbsp;&nbsp; <strong>le<\/strong>&nbsp;<strong>samedi&nbsp; 11 avril&nbsp;&nbsp;&amp; le dimanche 12 avril 2026&nbsp;<\/strong>\u00e0 Kerfany-les-Pins en MOELAN-SUR-MER au Domaine de Beg Porz.<\/p>\n\n\n\n<p> &nbsp;Ci-dessous, le co\u00fbt du week-end :<\/p>\n\n\n\n<ul class=\"wp-block-list\">\n<li>le co\u00fbt du s\u00e9jour en pension compl\u00e8te du d\u00eener du samedi 11 au d\u00e9jeuner du dimanche 12 avril &#8230;&#8230;&#8230;&#8230;&#8230;&#8230;&#8230;&#8230;&#8230;&#8230;&#8230;&#8230;&#8230;&#8230;&#8230;&nbsp;103,00 \u20ac (nous n&#8217;avons plus la remise qui nous \u00e9tait consentie ces 3 derni\u00e8res ann\u00e9es)<\/li>\n<\/ul>\n\n\n\n<ul class=\"wp-block-list\">\n<li>adh\u00e9sion \u00e0 l&#8217;association (tarif groupe)\u2026&#8230;. 6,00 \u20ac\/par pers.<\/li>\n<\/ul>\n\n\n\n<ul class=\"wp-block-list\">\n<li>une taxe de s\u00e9jour de &#8230;&#8230;&#8230;&#8230;&#8230;&#8230;&#8230;&#8230;.. 0,55 \u20ac\/par jour\/pers.<\/li>\n\n\n\n<li>Total par personne&#8230;&#8230;&#8230;&#8230;&#8230;&#8230;&#8230;&#8230;&#8230;.. 109,55 \u20ac en chambre h\u00f4teli\u00e8re (h\u00e9bergement 2 personnes)<\/li>\n<\/ul>\n\n\n\n<p class=\"has-text-align-left\"><strong>SUPPLEMENT CHAMBRE INDIVIDUELLE<\/strong> (sous r\u00e9serve de dispo) &#8230;.20,00 \u20ac<\/p>\n\n\n\n<p>Pour celles qui ne seront l\u00e0 que le dimanche, le repas \u00e9tant \u00e0 25,00 \u20ac, le montant sera de 31,00 \u20ac. <\/p>\n\n\n\n<p>Pour celles qui ne prennent que les repas, le montant sera de 56,00 \u20ac.<\/p>\n\n\n\n<p><strong><em>Merci de bien vouloir m&#8217;adresser un ch\u00e8que d&#8217;acompte de 55,00 \u20ac\/31,00 \u20ac\/56,00\u20ac afin de confirmer votre r\u00e9servation&nbsp;<\/em><\/strong><\/p>\n\n\n\n<p class=\"has-text-align-center\"><strong><em>pour le 25 Novembre 2025 au plus tard.<\/em><\/strong><\/p>\n\n\n\n<p><strong><em>Le pique-nique du midi du samedi 11&nbsp;&nbsp;avril&nbsp;&nbsp;2026 est \u00e0 pr\u00e9voir par les participantes.<\/em><\/strong><\/p>\n\n\n\n<p>Bien amicalement,<\/p>\n\n\n\n<p>Solange,<\/p>\n\n\n\n<p>&nbsp;<strong>Proposition financi\u00e8re :<\/strong><\/p>\n\n\n\n<ul class=\"wp-block-list\">\n<li><strong>55\u20ac\/31\u20ac\/56\u20ac \u00e0 la r\u00e9servation <strong>pour le 25 Novembre 2025<\/strong><\/strong> <strong>au pus tard <\/strong><\/li>\n\n\n\n<li><strong>54\u20ac55&nbsp;&nbsp;pour le 3 f\u00e9vrier 2026 au plus tard<\/strong><\/li>\n\n\n\n<li><strong>avec l\u2019\u00e9ventuel suppl\u00e9ment de la chambre individuelle de 20\u20ac<\/strong><\/li>\n<\/ul>\n\n\n\n<hr class=\"wp-block-separator has-alpha-channel-opacity\"\/>\n\n\n\n<div style=\"height:47px\" aria-hidden=\"true\" class=\"wp-block-spacer\"><\/div>\n\n\n\n<p><\/p>\n","protected":false},"excerpt":{"rendered":"<p>&#8211; Week-end KERFANY les 11 et 12 avril 2026 &#8211; Impression de la plaquette 2025\/2026ou \u00e0 t\u00e9l\u00e9charger sur votre tablette Le week-end que nous nous r\u00e9servons chaque ann\u00e9e est donc confirm\u00e9.&nbsp;Nous avons d\u00e9j\u00e0 vers\u00e9 1 acompte de 200\u20ac, \u00e0 suivre un autre de 347 \u20ac d&#8217;ici fin octobre pour &nbsp;&nbsp; le&nbsp;samedi&nbsp; 11 avril&nbsp;&nbsp;&amp; le dimanche&hellip; <a href=\"https:\/\/scrapbretagne.fr\/blog\/?page_id=762\" class=\"more-link\">Lire la suite <span class=\"screen-reader-text\">Ev\u00e8nements 2025\/2026 (Crops, Kerfany&#8230;)<\/span><\/a><\/p>\n","protected":false},"author":3,"featured_media":0,"parent":101,"menu_order":8,"comment_status":"closed","ping_status":"closed","template":"","meta":{"footnotes":""},"class_list":["post-762","page","type-page","status-publish","hentry","without-featured-image"],"_links":{"self":[{"href":"https:\/\/scrapbretagne.fr\/blog\/index.php?rest_route=\/wp\/v2\/pages\/762","targetHints":{"allow":["GET"]}}],"collection":[{"href":"https:\/\/scrapbretagne.fr\/blog\/index.php?rest_route=\/wp\/v2\/pages"}],"about":[{"href":"https:\/\/scrapbretagne.fr\/blog\/index.php?rest_route=\/wp\/v2\/types\/page"}],"author":[{"embeddable":true,"href":"https:\/\/scrapbretagne.fr\/blog\/index.php?rest_route=\/wp\/v2\/users\/3"}],"replies":[{"embeddable":true,"href":"https:\/\/scrapbretagne.fr\/blog\/index.php?rest_route=%2Fwp%2Fv2%2Fcomments&post=762"}],"version-history":[{"count":142,"href":"https:\/\/scrapbretagne.fr\/blog\/index.php?rest_route=\/wp\/v2\/pages\/762\/revisions"}],"predecessor-version":[{"id":7515,"href":"https:\/\/scrapbretagne.fr\/blog\/index.php?rest_route=\/wp\/v2\/pages\/762\/revisions\/7515"}],"up":[{"embeddable":true,"href":"https:\/\/scrapbretagne.fr\/blog\/index.php?rest_route=\/wp\/v2\/pages\/101"}],"wp:attachment":[{"href":"https:\/\/scrapbretagne.fr\/blog\/index.php?rest_route=%2Fwp%2Fv2%2Fmedia&parent=762"}],"curies":[{"name":"wp","href":"https:\/\/api.w.org\/{rel}","templated":true}]}}